 is r(2)?
23
Let q(m) = -2*m + 1. Let i(z) = 7*z - 4. Let t be i(2). Suppose -2*g + t - 2 = 0. Give q(g).
-7
Let z(n) = 31 + 30 + n + 4*n**2 - 5*n**2 - 36. Calculate z(0).
25
Let j(w) be the second derivative of w**4/12 - w**3 - 5*w**2/2 - 12*w. Give j(5).
-10
Let k(n) = 13*n + 5. Let t(a) = -15*a - 5. Let z(h) = -7*k(h) - 6*t(h). Give z(-4).
-1
Let x(j) = -j - 11. Let d(w) = 2*w - 2. Let k be d(-6). Let l be ((-4)/(-8))/(1/k). Let f be x(l). Let t(i) = i**2 + 4*i - 2. What is t(f)?
-2
Let d(a) = -9*a**2 + 17*a + 15 - 14 + a**3 - 9*a. Determine d(8).
1
Let v(p) = p**3 + 5*p**2 + 5*p + 6. Let b be v(-4). Suppose b*n + 3 = n. Let h(j) be the first derivative of j**2 + 2*j + 1. What is h(n)?
-4
Let f(t) = -t**2 - 6*t - 2. Let p = -28 - -22. Calculate f(p).
-2
Let x(n) = -n - 1 + 2 - 5. Suppose 6*q = -q - 21. Calculate x(q).
-1
Let v(t) be the second derivative of 1/2*t**2 - t + t**3 + 0. Suppose 3*o = -0*o - 6. Calculate v(o).
-11
Let s(r) = r**2 - 6*r + 9. Suppose v = 5*u + 16, -4*v + v = -4*u - 26. Determine s(v).
9
Suppose -3*k + 2*g + 14 = 0, 3*k + 10 = -0*g - 4*g. Suppose -x + 3 = k*x + u, x - 1 = u. Let w(f) = -15*f. Calculate w(x).
-15
Let o(v) be the first derivative of v**4/6 - 5*v**3/6 - v**2/2 + 3*v - 3. Let w(c) be the first derivative of o(c). Determine w(4).
11
Let k(b) be the first derivative of b**2/2 - 5*b + 22. Calculate k(0).
-5
Let c(a) = 9 - 1 + 4 - a. Give c(9).
3
Let c(v) be the first derivative of v**3/3 + 4*v**2 - 3*v + 44. Determine c(-8).
-3
Let f(z) = z**2 + 6*z - 2. Let r = 5 - 12. Determine f(r).
5
Let y(b) be the first derivative of 2*b**3 - b + 1. Suppose -4*h + 2 = -2. Calculate y(h).
5
Suppose 0 = -0*w + 5*w + 4*k + 24, -2*k = -w - 2. Let o(z) = z**2 + 2*z - 3. Give o(w).
5
Suppose -a = 4 - 6. Suppose a*w = -0*w + 4. Let v(k) = 2*k - 1. Calculate v(w).
3
Suppose 0*z + 15 = 5*h - 3*z, -h + 4*z - 14 = 0. Let b be (-2)/(h/9*3). Let c be (b/2)/((-1)/(-6)). Let w(d) = -d**2 + 3. Give w(c).
-6
Let o = 25 - 24. Let i(g) = -6*g. Give i(o).
-6
Let u(l) = l**3 + 5*l**2 + 2*l - 4. Let c be -5*4*3/20. Calculate u(c).
8
Let z(w) be the first derivative of 0*w**2 + 8/3*w**3 - 9 - w. Calculate z(1).
7
Let z(k) be the second derivative of -k**3/6 - 2*k**2 - 2*k. Determine z(-3).
-1
Let y(m) = -7*m**3 - m**2 - 3*m + 10. Let z(a) = -a**3 - a**2 - a + 1. Let b(d) = -y(d) + 6*z(d). Give b(6).
14
Let m(f) = f**3 - 7*f**2 + 5*f + 6. Let b be m(6). Let x(o) = o**3 - 18. Calculate x(b).
-18
Let o(x) be the third derivative of -x**5/60 + 7*x**4/24 - 7*x**3/6 - x**2. Suppose 5*f - 19 = -3*s + 6*s, -5*s = -2*f. Determine o(f).
3
Let o(p) be the first derivative of 0*p + 1 - 1/3*p**3 - 3*p**2. Determine o(-4).
8
Suppose 3*w - 5 = 1. Let u(o) = 5*o - 1. Calculate u(w).
9
Let m(f) be the second derivative of f**3/6 - 7*f**2/2 - 4*f. Determine m(5).
-2
Let a(u) = -1 + u**3 + 4 - 1 + 2*u. Suppose 4*c = 2 - 10. Determine a(c).
-10
Let h = -87 - -92. Let n(a) be the second derivative of -a**5/20 + a**4/2 - 7*a**3/6 + 2*a**2 + a. Give n(h).
-6
Suppose 0*a - 3*a = -3. Let m = 2 + a. Suppose 2*h + 5 = -m. Let x(j) = -j + 1. What is x(h)?
5
Let b(c) = 2*c + 1. Let g be b(2). Let x be 1/(-3)*(-5 + -1). Let l(f) = -f**x + 3*f + 0*f**2 + 4 + 0*f. What is l(g)?
-6
Let z(u) be the third derivative of -u**6/60 + u**4/24 + 19*u**2. Suppose -h - 1 = 5*j + 2, 5*j + 7 = h. Calculate z(j).
1
Let t(k) = -3*k**3 - 9*k**2 + 2*k + 6. Let a(q) = q**3 + q**2 - 1. Let z(u) = -4*a(u) - t(u). Determine z(2).
6
Let l(n) = -5*n - n**2 + 0*n + 4*n. Let s(g) = g**3 - 5*g**2 + 5*g - 3. Let f be s(4). Let c be (f - 1)/(-1 - -4). Give l(c).
0
Let o(i) = i - 8. Let n be o(8). Suppose 0 = -g + 3*g - 10. Let k(p) = -4 + 1 + g*p - p**3 - 4*p**2 + 5*p**2 - 4*p. What is k(n)?
-3
Let l(d) = -d**3 + 6*d**2 + 18*d - 11. Let r be l(8). Let f be (1 + 2)*(-10)/6. Let o = f + r. Let w(x) = x**3 + x + 6. Determine w(o).
6
Suppose -u = 2*u - 3. Let l(r) = -r - 2 + u + 3*r + 0. Give l(-3).
-7
Let x(j) = j + 4*j - 1 - j**2 + 2*j**2. Let n(r) = -4*r + 14. Let u be n(5). Calculate x(u).
5
Let k be (-1)/(-2)*8/2. Let m(a) = -9*a**k + 6 - 6. What is m(1)?
-9
Let k(x) be the first derivative of -x**4/4 + 8*x**3/3 - 5*x**2/2 - x - 7. What is k(7)?
13
Let l(t) = -t - 2. Let b = 25 - 17. Let i = 5 - b. Determine l(i).
1
Let t = -2 + -7. Let m = t - 3. Let p = m - -7. Let h(b) = -b + 2. Determine h(p).
7
Let q(w) be the third derivative of 1/30*w**5 + 1/120*w**6 + 2*w**2 + 0*w + 0 + 1/24*w**4 + 1/3*w**3. What is q(-3)?
-10
Let u(c) be the second derivative of 2*c**3/3 - c**2 + 13*c. Calculate u(2).
6
Suppose 21*d - 9*d = -24. Let z(m) = -2*m**3 + 3*m**2 - m**2 + 4*m**3. Calculate z(d).
-8
Suppose 5*h - 2*y + 16 - 4 = 0, 0 = -3*h - 2*y - 20. Let v(u) = -u**2 - 4*u - 6. Give v(h).
-6
Let c(p) = -4*p - 3. Let t be 4/(-6)*(2 - -1). What is c(t)?
5
Let y = 15 + -9. Let q(u) = -u**3 + 10*u**2 + 2*u + 12. Let d(r) = r**3 - 11*r**2 - 3*r - 13. Let x(b) = 4*d(b) + 5*q(b). Calculate x(y).
-4
Let i(x) = -x**2 + x - x**3 - 1 + 2*x**2 + 2*x**2. Suppose -6 = 2*h - 10. Determine i(h).
5
Suppose -p + 11 = 4*m - 2*p, -11 = 2*m + 5*p. Let j(a) be the third derivative of -a**4/12 - a**3/3 - 5*a**2. Determine j(m).
-6
Let k(j) = 6*j**2 + 7*j - 3. Let q(z) = z**2 + 7*z - 2. Let y(u) = 2*u**2 + 7*u - 2. Let v(n) = -3*q(n) + 4*y(n). Let d(f) = 4*k(f) - 5*v(f). What is d(-6)?
4
Let v(f) be the second derivative of f**6/360 + f**5/30 - f**4/12 - 4*f. Let q(o) be the third derivative of v(o). Calculate q(-5).
-6
Let v(y) = -y + 1. Suppose -3*k - 3 = -6*k. Suppose -2*s + 0*s = 0. Let c = k - s. Calculate v(c).
0
Suppose 0 = -2*w - 3*s - 21, -11 - 12 = w + 4*s. Let r(t) = 2*t**2 - 5*t**2 + t - t**3 + 0*t**3. Calculate r(w).
-3
Let k(m) = 4*m**3 + 19*m**2 - 9*m + 7. Let y(v) = -v**3 - 6*v**2 + 3*v - 2. Let t(x) = -2*k(x) - 7*y(x). Determine t(3).
0
Let u(l) be the first derivative of -l**2 - 4*l + 5. Calculate u(-4).
4
Let o be (-1)/(-1 - (-1 + -1)). Let h = -8 - -10. Let a(b) = -b**3 + 0*b + b - 3*b**2 + 7*b**3 + 4*b**h. Give a(o).
-6
Let w(a) = -3*a + 3*a**2 - 2*a**3 + 2*a + 4 - 2*a + 3*a**3. Suppose 3*u + u + 16 = 0. What is w(u)?
0
Let u(f) = 4*f**2 - 3*f + 5. Suppose -3*j + 2*l + 20 = 0, -j = 2*l - l. Let s(g) = -5*g**2 + 4*g - 6. Let v(m) = j*u(m) + 3*s(m). Determine v(-2).
6
Let c(p) = p**2 + 2*p - 5. Let w(l) = -l**2 - 2*l + 5. Let y(a) = -4*c(a) - 3*w(a). Let z(d) be the first derivative of y(d). Determine z(-3).
4
Let n(s) be the third derivative of -s**6/120 + 3*s**5/20 + s**4/12 - 13*s**3/6 - 3*s**2. Let c be n(9). Let h(q) = 3*q - 2*q + 8 - 2*q. What is h(c)?
3
Let z(g) = -g**2. Let q be z(-2). Let x(t) = t + 1. Let b(c) = -7*c - 9. Let i(s) = b(s) + 4*x(s). Calculate i(q).
7
Let t(f) = 2 - 3*f + 6 - 3. Give t(4).
-7
Let g(r) = -7 + 7 - r**2 + 2*r**2 - 4*r. Calculate g(3).
-3
Let c(i) = -i**3 - 2*i**2 - i. Suppose -t = -0*t + 2. Let z be c(t). Let o(k) = 4*k**2 + 5*k - 2*k - 2 - z*k**3 - k + 4*k**3. Determine o(-2).
-6
Let v(u) be the second derivative of -u**3/2 - u**2/2 - 3*u. Determine v(4).
-13
Let g(v) = 3*v**2 - 6*v - 1. Let h(b) = 4*b**2 - 6*b - 2. Let o(i) = 3*g(i) - 2*h(i). What is o(5)?
-4
Let q = -4 + 7. Let c(b) = -4*b**3 + 5*b**q + 3*b**2 + 4*b - 7 + 3*b**2. Let m = -52 + 47. Calculate c(m).
-2
Let d(g) = 2*g**3 - g**2 + 6*g + 6. Let h(z) be the first derivative of 0*z**3 - 1/4*z**4 - 3*z - 3/2*z**2 + 2. Let q(t) = -2*d(t) - 5*h(t). Calculate q(-2).
-3
Let t = -4 + 5. Let j be 0/(3/t) + 0. Let b(l) = -l**3 - l + 3. Let g be b(j). Let i(m) = -m**2 + 4*m. Determine i(g).
3
Suppose b + 8 = 3*b. Suppose 10 = 5*s - k, -3 = 4*s + k - b*k. Let h(y) = 3*y + 0*y + s*y. What is h(1)?
6
Let m(q) = 5*q**2 - 3*q - 1. Let y(l) = 4*l**2 - 3*l. Let g(r) = 3*m(r) - 4*y(r). Let w be 1/(1/4) + -2. Calculate g(w).
-1
Let s(z) = z**2 - 3*z + 3. Suppose -10 = -5*c, -5*t + c + 28 = 5*c. What is s(t)?
7
Let z(a) = -7*a**2 + a + 9. Let j(s) = 15*s**2 - 2*s - 19. Let i(k) = 6*j(k) + 13*z(k). Determine i(3).
-3
Let x = 5 + -6. Let b(v) be the first derivative of 2 + 7/2*v**2 + 0*v. Calculate b(x).
-7
Let k(n) be the second derivative of -7/2*n**2 + 1/3*n**3 - 2*n + 0. Give k(5).
3
Let a(p) be the third derivative of -p**5/60 - p**4/12 - p**3/2 - 12*p**2. Let m(j) = j**3 + 6*j**2 + 7*j + 7. Let t be m(-5). Determine a(t).
-6
Le